ds digit of o?
1
Let q(y) = y**3 - 6*y**2 - 6*y + 2. Let w be q(7). Let u(l) = l**2 - 7*l + 8. What is the units digit of u(w)?
6
Let p(o) = o**2 + 2*o + 2. Let y be p(-3). Suppose -21 = n + 4*x + 27, -y*x = 3*n + 123. What is the units digit of n/(-15) + 4/(-10)?
2
Let z(m) = 2*m - 2. Let x be z(-1). What is the tens digit of (-20)/8*x - -1?
1
What is the units digit of 65 + ((-3)/1 - 1)?
1
Suppose 4*s = o + 144, -3*o + 2 = -s + 38. What is the tens digit of s?
3
Let y(x) = x**3 - 3*x**2 + 2*x. Let g = 5 - 2. What is the units digit of y(g)?
6
Let i(o) = o**3 + 4*o**2 - 6*o - 1. Let q be i(-5). Let y(x) = q - 6*x + 4*x + x. What is the units digit of y(0)?
4
Let x(u) = 13*u**2 - 6*u + 9. What is the hundreds digit of x(-4)?
2
Let q(p) = 5*p**2 + 2*p + 6. What is the tens digit of q(3)?
5
Let f be (-16)/(-6) + 6/(-9). Suppose 40 = 2*n + 2*o + f*o, -n + 20 = o. Suppose -6*v = -v - n. What is the units digit of v?
4
Suppose 124 = 4*m - 4*r, 107 = 5*m + r - 24. Let x = 11 + -8. Suppose -2*c + 28 = 4*g, 4*c - 6*c - x*g = -m. What is the tens digit of c?
1
Suppose 0 = -5*u - p - 2*p + 738, -2*u + 284 = 4*p. Suppose 7*b = 5*a + 2*b - 190, 0 = -5*a - 3*b + u. What is the tens digit of a?
3
Suppose -5*b = -12*b + 147. Let k = 29 - b. What is the units digit of k?
8
Suppose -4*z + 2*l = 6, -3*z + 0*z - l + 3 = 0. Let v(h) = h**2 - h + 13. What is the tens digit of v(z)?
1
Suppose s = -2*s. Suppose s = -2*p + 23 - 7. What is the units digit of p?
8
Suppose 4*s - p + 0*p = 163, -2*p - 158 = -4*s. What is the tens digit of s?
4
Let q = 326 + -186. What is the hundreds digit of q?
1
Let k(a) = a**2 - 3*a - 2. Let f = -3 - -5. Suppose f*b - 15 = -b. What is the units digit of k(b)?
8
Let f = 10 - 1. Let w be f - (1 - (-1)/1). Suppose -1 = o - 5*r + w, 16 = 4*o - 4*r. What is the units digit of o?
7
Suppose -4*z + 4*g - 6 = z, 4*z - 2*g = 0. What is the tens digit of (-32)/(-4) - -1*z?
1
What is the hundreds digit of 6*(0/(-1) - 1008/(-32))?
1
Suppose 2*z - 76 = -0*z. Suppose j - 5*v - 8 + 1 = 0, -4*j + 12 = -4*v. Suppose 5*h - z = 3*b, h + j*b + 2*b = 26. What is the tens digit of h?
1
Let q be (-45)/6*(-8)/10. Suppose -3*z - 21 = -q*z. What is the units digit of z?
7
What is the units digit of (-18)/36*(-1 - 233)?
7
Suppose -2*p + 3*p = 3. Suppose 5*b - c - 30 = 35, -39 = -p*b - 4*c. Let d = 23 - b. What is the units digit of d?
0
Suppose 0 = -3*f - 0*f - 12. Let i = f + 7. What is the units digit of i?
3
Suppose -5*s + s + 156 = 0. What is the tens digit of s?
3
Let w be 82/3 + 5/(-15). Let q = w - 16. What is the units digit of q?
1
Let t(p) = 29*p + 9. What is the units digit of t(3)?
6
Let y(r) = -3*r**2 - 8*r - 6. Let q(w) = 13*w**2 + 32*w + 24. Let z(p) = -2*q(p) - 9*y(p). Let n be z(-4). What is the units digit of (-1)/(-5) + (-128)/n?
3
Suppose -s = -4*s + 75. Let w = s + -12. What is the tens digit of w?
1
Let x = 130 - -19. What is the units digit of x?
9
Suppose 3*a = -2*i + 7*i + 15, -10 = -2*i - 2*a. Suppose -5*j + 8*k = 3*k - 50, i = -4*j - 2*k + 52. What is the units digit of j?
2
Let o be (-3)/(-6)*2 + 2. Suppose 5*i = o*i + 14. What is the units digit of i?
7
What is the tens digit of (2/3)/((-4)/(-408))?
6
Let a = 8 + -2. What is the units digit of 290/25 + a/(-10)?
1
Suppose 3*t + 25 = 5*q, -23 = 3*q - 2*q + 5*t. Suppose 8 = q*k - y, -3*y = -4*k + 2*y + 4. What is the units digit of 3*2/(-3) + k?
4
Let t be ((-3)/1)/((-3)/4). Suppose 0 = -12*s + 15*s - 15. Let n = s + t. What is the units digit of n?
9
Let d(s) = -s**3 + 18*s**2 + 2*s - 10. What is the tens digit of d(18)?
2
Suppose -2*a = 3*a - 15. Suppose -3*z + 2 = i, -a*z + 7*z = 5*i - 48. What is the units digit of i?
8
Let s = 12 - 8. Suppose -5*v - 23 - 42 = -2*g, -s*g + 5*v = -105. Let x = g - 4. What is the tens digit of x?
1
Let d(p) = 4*p**2 + 2*p - 2. Let m be d(-2). Let z be m - (0/3 + 0). Let c = 17 - z. What is the units digit of c?
7
What is the tens digit of 0/1 + (-68)/(-2)?
3
Let i(r) = -10*r - 3. Let x be i(-3). Suppose 3 + x = 3*s. Let u = s + -9. What is the units digit of u?
1
Let f be (-1 + 9)/(-2 + 1). Let k = 13 + f. Suppose 2 = -2*z - 2*b, 2*b + 0*b = k*z - 16. What is the units digit of z?
2
Suppose -4 = s - 2. What is the units digit of (s - -1)/((-2)/4)?
2
Suppose -25 = 5*c - 0*c. Let o(s) = -2*s + 8. Let f be o(9). Let n = c - f. What is the units digit of n?
5
Let r(w) = 20*w**2 - 9*w + 9. What is the units digit of r(3)?
2
Let n(x) = x**3 - 5*x**2 - 6*x + 17. What is the hundreds digit of n(8)?
1
Let x(r) = -205*r + 7. What is the hundreds digit of x(-1)?
2
Let y = 3 - 9. Let t = -8 - y. What is the units digit of ((-1)/t)/((-2)/(-20))?
5
Suppose -2*h = 3*t + 11, -5*h - 4 - 4 = t. Let r = 16 - t. What is the tens digit of r?
1
What is the units digit of 30/9*162/15?
6
Let x(r) = r**3 + 10*r**2 - 10. Let u be x(-8). Suppose -3*b + 80 = 4*f, 5*b = -5*f + 6*f + u. What is the tens digit of b?
2
Let i(m) be the second derivative of -m**4/12 + 7*m**3/6 + 3*m**2 + 2*m. Suppose -h + 11 = 2*y - 0, -3*h - 3*y + 27 = 0. What is the units digit of i(h)?
6
Let m(v) = 10*v**3 + 5*v - 2. What is the units digit of m(3)?
3
Let d = -18 + 21. What is the units digit of d?
3
Suppose u - 3 = 4*s, -4*u + 12 = -s - 45. Suppose 0 = 5*m - 4*o - 33, o - 2*o - u = -2*m. What is the units digit of m?
9
Let b(p) = p**3 + 17*p**2 - 35*p - 13. What is the tens digit of b(-18)?
9
What is the tens digit of (-10)/(-4)*(-694)/(-5)?
4
Let g be (2 - 5)/1 + 8. Suppose -23 = -4*p - 5*a, g*p - a = 4*p + 8. What is the units digit of p?
7
Let r(w) = -11*w**3 - w. Suppose 4*u = 5*g - 14, 2*u - u + 3*g - 5 = 0. What is the tens digit of r(u)?
1
Let a = 0 - -1. Let v be 2*a - 0/1. Suppose -6*f + v = -4*f. What is the units digit of f?
1
Let n = -10 + 15. Let a = 1 + n. What is the units digit of a?
6
Let c(m) = -m**2 + 7*m - 2. Let t be c(5). Let v be 2/t - (-47)/4. Let x = -5 + v. What is the units digit of x?
7
Suppose d = h - 336, 6*h = 11*h - d - 1668. What is the units digit of h?
3
Suppose 3*w - b - 86 = 0, -4*w + 9*w + b = 130. What is the tens digit of w?
2
Let g(w) = 3*w**3 - 3*w**2 - 8*w + 7. What is the units digit of g(4)?
9
Let u = 46 + -17. What is the tens digit of u?
2
Suppose -5*s - 42 = -207. What is the units digit of s?
3
Suppose 4 = 3*i - 3*z - 5, -5*i - z = -39. What is the units digit of i?
7
Let n(o) = -611*o**2 - 2*o + 1. Let r be n(1). What is the units digit of r/(-20) + 12/(-20)?
0
Suppose 10 = 7*t - 2*t. Let i be 1 - 2 - 38/t. Let w = i + 35. What is the tens digit of w?
1
Let x(v) = v**3 + 6*v**2 - 6*v - 6. What is the units digit of x(-5)?
9
Suppose -4*i + 20 = 0, 0*s - 5*s = -3*i - 65. What is the tens digit of s?
1
What is the units digit of (16/(-10))/(((-12)/110)/6)?
8
Let s(r) = 3*r**3 + 2*r**2 - 2*r + 1. Let z be s(1). Let m be z/18 + (-176)/(-18). Let y = m - 6. What is the units digit of y?
4
Let d(x) = -9*x - 18. What is the units digit of d(-11)?
1
Suppose -17 = 2*r - 7. Let v(x) = x**2 + 2 + 0 + 5*x + 4. What is the units digit of v(r)?
6
What is the units digit of -2*10/4 - -7?
2
Let y(u) = u + 10. Let w(g) = g**3 + 5*g**2 + 5*g + 4. Let j be w(-3). What is the tens digit of y(j)?
1
Suppose -4*p + 100 = p. Let b(i) = 1 + 1 - i**3 + p*i - 20*i + i**2. What is the units digit of b(0)?
2
Let a(y) = 4*y**2 - 4*y - 1. What is the tens digit of a(-2)?
2
Let h = 22 - -1. What is the units digit of h?
3
Suppose 25 = z - 0. What is the units digit of z?
5
Suppose -11 = 2*o - 3*m, -2*o - 4 = m + 3. What is the tens digit of o/10 - 522/(-30)?
1
Let u(n) = -9*n - 4. Let f be u(4). What is the tens digit of (-3)/(-2)*f/(-4)?
1
Let p be 0 + 2 + (-28)/(-2). Suppose 0 = -0*n - 4*n + p. What is the units digit of n?
4
Suppose -3*d + 6 = 3. Let v be ((-4)/(0 + d))/(-2). Suppose -v*u = -u - 2. What is the units digit of u?
2
Let l = -17 - -24. Suppose -l = 2*y - 1. What is the tens digit of (3/6)/(y/(-102))?
1
Suppose 12 = 4*j + y + y, -j + 14 = -5*y. Let x = -4 + j. Suppose -2*r - 3*r + 45 = x. What is the units digit of r?
9
Suppose -15 = 3*q - 5*q - 3*o, 20 = 2*q + 4*o. Suppose q = -2*r + 4*s + 72, -r + 19 + 20 = -3*s. What is the units digit of r?
0
Let o(k) = -3 - 3*k**2 - k**3 - 3*k + 3*k**3 + k. What is the units digit of o(3)?
8
Let f = 6 - 2. Suppose -x + f =